{"id":1291,"date":"2024-05-01T07:03:36","date_gmt":"2024-05-01T05:03:36","guid":{"rendered":"https:\/\/www.nerofermento.it\/?post_type=salute&#038;p=1291"},"modified":"2024-11-12T14:35:06","modified_gmt":"2024-11-12T13:35:06","slug":"laglio-nero-e-fenomenale-al-100","status":"publish","type":"salute","link":"https:\/\/www.nerofermento.it\/de\/salute\/laglio-schwarz-und-phanomenal-al-100\/","title":{"rendered":"L\u2019aglio Nero \u00e8 fenomenale al 100%?"},"content":{"rendered":"<h1 class=\"fusion-responsive-typography-calculated\" data-fontsize=\"22\" data-lineheight=\"26.4px\">Scopriamo cos\u2019\u00e8 l\u2019aglio Nero di Voghiera e perch\u00e9 \u00e8 straordinario al 100%<\/h1>\n<p>Negli appuntamenti precedenti abbiamo visto che il nostro aglio Nero di Voghiera pu\u00f2 essere considerato un\u00a0superfood\u00a0e \u2013 soprattutto \u2013 che non dobbiamo temerlo, grazia alla sua favolosa\u00a0digeribilit\u00e0.<\/p>\n<p>Oggi approfondiamo la carta d\u2019identit\u00e0 del nostro prodotto scoprendo\u00a0<strong>cos\u2019\u00e8 l\u2019aglio alla sua origine<\/strong>!<\/p>\n<p>L\u2019aglio Nero di Voghiera\u00a0\u2013 come potrete supporre dal nome \u2013 ha origine nei terreni estensi di\u00a0<em>Voghiera (FE)<\/em>\u00a0dove i bulbilli del prodotto d\u2019origine \u2013 l\u2019<em>aglio di Voghiera D.o.p.<\/em>\u00a0\u2013 vengono piantati tra settembre e novembre dopo una accurata selezione tra i migliori del raccolto precedente.<\/p>\n<h2 class=\"fusion-responsive-typography-calculated\" data-fontsize=\"22\" data-lineheight=\"26.4px\">Cosa significa D.O.P.?<\/h2>\n<p>L\u2019aglio di Voghiera, prodotto dall\u2019omonimo Consorzio, alla base del nostro aglio nero fermentato, ha ottenuto nel 2007 la\u00a0designazione\u00a0D.O.P.\u00a0La\u00a0<em>Denominazione di Origine Protetta<\/em>\u00a0viene attribuita dall\u2019Unione europea<\/p>\n<blockquote><p><em>agli alimenti le cui\u00a0<strong>peculiari<\/strong>\u00a0<strong>caratteristiche<\/strong>\u00a0qualitative\u00a0<strong>dipendono<\/strong>\u00a0essenzialmente o esclusivamente dal\u00a0<strong>territorio<\/strong>\u00a0in cui sono stati prodotti.<\/em><\/p>\n<p><em>L\u2019ambiente geografico comprende sia\u00a0<strong>fattori<\/strong>\u00a0<strong>naturali<\/strong>, sia\u00a0<strong>fattori<\/strong>\u00a0<strong>umani<\/strong>\u00a0quali tecniche di produzione tramandate nel tempo, artigianalit\u00e0\u00a0che, combinati insieme, consentono di ottenere un\u00a0<strong>prodotto<\/strong>\u00a0<strong>inimitabile<\/strong>\u00a0al di fuori di una determinata zona produttiva.<\/em><\/p>\n<p><em>Affinch\u00e9 un prodotto sia DOP, le fasi di produzione, trasformazione ed elaborazione devono avvenire in un\u2019area geografica delimitata. Chi fa prodotti DOP deve attenersi alle\u00a0<strong>rigide<\/strong>\u00a0<strong>regole<\/strong>\u00a0<strong>produttive<\/strong>\u00a0stabilite nel disciplinare di produzione. Il rispetto di tali regole \u00e8 garantito da uno specifico organismo di controllo.<\/em><\/p><\/blockquote>\n<p>Questo marchio viene riportato su\u00a0<strong>ogni<\/strong>\u00a0<strong>confezione\u00a0<\/strong>venduta dal Consorzio, cos\u00ec come sui lotti con cui ci riforniscono, insieme al\u00a0<strong>nome del produttore<\/strong>, a garanzia che la produzione e la lavorazione avvengono esclusivamente nell\u2019area geografica delimitata secondo le severe regole imposte dall\u2019organismo di controllo.<\/p>\n<h2 class=\"fusion-responsive-typography-calculated\" data-fontsize=\"22\" data-lineheight=\"26.4px\">Essere 100% Italiano e D.O.P. fa dell\u2019aglio Nero di Voghiera un aglio 100% naturale?<\/h2>\n<p>No, ovviamente non basta utilizzare un prodotto italiano e D.O.P. per avere un\u00a0<strong>aglio nero naturale<\/strong>. \u00c8 qui che entra in gioco la sinergia con\u00a0<a href=\"https:\/\/www.resitalia.org\/\" target=\"_blank\" rel=\"noopener\"><strong>R.E.S<\/strong><\/a>\u00a0\u2013 la\u00a0<em>met\u00e0 tecnologica<\/em>\u00a0di\u00a0NeroFermento\u00a0\u2013\u00a0societ\u00e0 cooperativa di Ravenna operante nel campo delle energie alternative, che ha seguito sin dall\u2019inizio di questa avventura la progettazione e lo sviluppo del nostro\u00a0<strong>\u201cfermentatore\u201d<\/strong>.<\/p>\n<p>\u00c8 lui\u00a0il cuore di NeroFermento. \u00c8 in questa stanza che, grazie al\u00a0<strong>sapiente uso<\/strong>\u00a0di\u00a0<strong>calore<\/strong>\u00a0e\u00a0<strong>umidit\u00e0<\/strong>\u00a0e alla giusta dose di\u00a0<strong>tempo e pazienza,<\/strong>\u00a0il nostro aglio di Voghiera D.O.P. diventa\u2026 il\u00a0<strong>Nero di Voghiera<\/strong>\u00a0che delizier\u00e0\u00a0<a href=\"https:\/\/www.nerofermento.it\/ricette\/\">le vostre ricette<\/a>!<\/p>\n<p><strong>Nessun<\/strong>\u00a0<strong>additivo<\/strong>,\u00a0<strong>nessuna aggiunta chimica<\/strong>\u00a0o\u00a0<strong>organica:<\/strong>\u00a0il nostro aglio Nero di Voghiera \u00e8 maturato in modo completamente naturale in modo da preservare naturalmente le qualit\u00e0 organolettiche acquisite durante il processo.<\/p>\n<h3 class=\"fusion-responsive-typography-calculated\" data-fontsize=\"21\" data-lineheight=\"25.2px\">Non sei curioso di provarlo? Lo trovi in alcuni selezionati negozi e online,\u00a0<a href=\"https:\/\/www.nerofermento.it\/dove-trovarci\/\">scopri dove!<\/a><\/h3>\n","protected":false},"excerpt":{"rendered":"<p>Scopriamo cos\u2019\u00e8 l\u2019aglio Nero di Voghiera e perch\u00e9 \u00e8 straordinario al 100% Negli appuntamenti precedenti abbiamo visto che il nostro aglio Nero di Voghiera pu\u00f2 essere considerato un\u00a0superfood\u00a0e \u2013 soprattutto \u2013 che non dobbiamo temerlo, grazia alla sua favolosa\u00a0digeribilit\u00e0. Oggi approfondiamo la carta d\u2019identit\u00e0 del nostro prodotto scoprendo\u00a0cos\u2019\u00e8 l\u2019aglio alla sua origine! L\u2019aglio Nero di [&hellip;]<\/p>\n","protected":false},"author":1,"featured_media":1230,"template":"","categoria_salute":[],"class_list":["post-1291","salute","type-salute","status-publish","has-post-thumbnail","hentry"],"aioseo_notices":[],"_links":{"self":[{"href":"https:\/\/www.nerofermento.it\/de\/wp-json\/wp\/v2\/salute\/1291","targetHints":{"allow":["GET"]}}],"collection":[{"href":"https:\/\/www.nerofermento.it\/de\/wp-json\/wp\/v2\/salute"}],"about":[{"href":"https:\/\/www.nerofermento.it\/de\/wp-json\/wp\/v2\/types\/salute"}],"author":[{"embeddable":true,"href":"https:\/\/www.nerofermento.it\/de\/wp-json\/wp\/v2\/users\/1"}],"version-history":[{"count":3,"href":"https:\/\/www.nerofermento.it\/de\/wp-json\/wp\/v2\/salute\/1291\/revisions"}],"predecessor-version":[{"id":7569,"href":"https:\/\/www.nerofermento.it\/de\/wp-json\/wp\/v2\/salute\/1291\/revisions\/7569"}],"wp:featuredmedia":[{"embeddable":true,"href":"https:\/\/www.nerofermento.it\/de\/wp-json\/wp\/v2\/media\/1230"}],"wp:attachment":[{"href":"https:\/\/www.nerofermento.it\/de\/wp-json\/wp\/v2\/media?parent=1291"}],"wp:term":[{"taxonomy":"categoria_salute","embeddable":true,"href":"https:\/\/www.nerofermento.it\/de\/wp-json\/wp\/v2\/categoria_salute?post=1291"}],"curies":[{"name":"wp","href":"https:\/\/api.w.org\/{rel}","templated":true}]}}

L’aglio Nero è fenomenale al 100%?

<h1 class="fusion-responsive-typography-calculated" data-fontsize="22" data-lineheight="26.4px">Scopriamo cos’è l’aglio Nero di Voghiera e perché è straordinario al 100%</h1>
<p>Negli appuntamenti precedenti abbiamo visto che il nostro aglio Nero di Voghiera può essere considerato un superfood e – soprattutto – che non dobbiamo temerlo, grazia alla sua favolosa digeribilità.</p>
<p>Oggi approfondiamo la carta d’identità del nostro prodotto scoprendo <strong>cos’è l’aglio alla sua origine</strong>!</p>
<p>L’aglio Nero di Voghiera – come potrete supporre dal nome – ha origine nei terreni estensi di <em>Voghiera (FE)</em> dove i bulbilli del prodotto d’origine – l’<em>aglio di Voghiera D.o.p.</em> – vengono piantati tra settembre e novembre dopo una accurata selezione tra i migliori del raccolto precedente.</p>
<h2 class="fusion-responsive-typography-calculated" data-fontsize="22" data-lineheight="26.4px">Cosa significa D.O.P.?</h2>
<p>L’aglio di Voghiera, prodotto dall’omonimo Consorzio, alla base del nostro aglio nero fermentato, ha ottenuto nel 2007 la designazione D.O.P. La <em>Denominazione di Origine Protetta</em> viene attribuita dall’Unione europea</p>
<blockquote><p><em>agli alimenti le cui <strong>peculiari</strong> <strong>caratteristiche</strong> qualitative <strong>dipendono</strong> essenzialmente o esclusivamente dal <strong>territorio</strong> in cui sono stati prodotti.</em></p>
<p><em>L’ambiente geografico comprende sia <strong>fattori</strong> <strong>naturali</strong>, sia <strong>fattori</strong> <strong>umani</strong> quali tecniche di produzione tramandate nel tempo, artigianalità che, combinati insieme, consentono di ottenere un <strong>prodotto</strong> <strong>inimitabile</strong> al di fuori di una determinata zona produttiva.</em></p>
<p><em>Affinché un prodotto sia DOP, le fasi di produzione, trasformazione ed elaborazione devono avvenire in un’area geografica delimitata. Chi fa prodotti DOP deve attenersi alle <strong>rigide</strong> <strong>regole</strong> <strong>produttive</strong> stabilite nel disciplinare di produzione. Il rispetto di tali regole è garantito da uno specifico organismo di controllo.</em></p></blockquote>
<p>Questo marchio viene riportato su <strong>ogni</strong> <strong>confezione </strong>venduta dal Consorzio, così come sui lotti con cui ci riforniscono, insieme al <strong>nome del produttore</strong>, a garanzia che la produzione e la lavorazione avvengono esclusivamente nell’area geografica delimitata secondo le severe regole imposte dall’organismo di controllo.</p>
<h2 class="fusion-responsive-typography-calculated" data-fontsize="22" data-lineheight="26.4px">Essere 100% Italiano e D.O.P. fa dell’aglio Nero di Voghiera un aglio 100% naturale?</h2>
<p>No, ovviamente non basta utilizzare un prodotto italiano e D.O.P. per avere un <strong>aglio nero naturale</strong>. È qui che entra in gioco la sinergia con <a href="https://www.resitalia.org/" target="_blank" rel="noopener"><strong>R.E.S</strong></a> – la <em>metà tecnologica</em> di NeroFermento – società cooperativa di Ravenna operante nel campo delle energie alternative, che ha seguito sin dall’inizio di questa avventura la progettazione e lo sviluppo del nostro <strong>“fermentatore”</strong>.</p>
<p>È lui il cuore di NeroFermento. È in questa stanza che, grazie al <strong>sapiente uso</strong> di <strong>calore</strong> e <strong>umidità</strong> e alla giusta dose di <strong>tempo e pazienza,</strong> il nostro aglio di Voghiera D.O.P. diventa… il <strong>Nero di Voghiera</strong> che delizierà <a href="https://www.nerofermento.it/ricette/">le vostre ricette</a>!</p>
<p><strong>Nessun</strong> <strong>additivo</strong>, <strong>nessuna aggiunta chimica</strong> o <strong>organica:</strong> il nostro aglio Nero di Voghiera è maturato in modo completamente naturale in modo da preservare naturalmente le qualità organolettiche acquisite durante il processo.</p>
<h3 class="fusion-responsive-typography-calculated" data-fontsize="21" data-lineheight="25.2px">Non sei curioso di provarlo? Lo trovi in alcuni selezionati negozi e online, <a href="https://www.nerofermento.it/dove-trovarci/">scopri dove!</a></h3>

<p>Scopriamo cos’è l’aglio Nero di Voghiera e perché è straordinario al 100% Negli appuntamenti precedenti abbiamo visto che il nostro aglio Nero di Voghiera può essere considerato un superfood e – soprattutto – che non dobbiamo temerlo, grazia alla sua favolosa digeribilità. Oggi approfondiamo la carta d’identità del nostro prodotto scoprendo cos’è l’aglio alla sua origine! L’aglio Nero di [&hellip;]</p>
